{"id":133,"date":"2020-04-28T09:09:39","date_gmt":"2020-04-28T07:09:39","guid":{"rendered":"http:\/\/localhost:8080\/?page_id=133"},"modified":"2025-11-01T11:12:31","modified_gmt":"2025-11-01T10:12:31","slug":"impressum","status":"publish","type":"page","link":"https:\/\/oer-berlin.de\/?page_id=133","title":{"rendered":"Impressum"},"content":{"rendered":"\n<p><a rel=\"noreferrer noopener\" href=\"https:\/\/oer-berlin.de\" target=\"_blank\">www.oer-berlin.de<\/a> ist ein Internetportal f\u00fcr Lehrkr\u00e4fte und andere p\u00e4dagogische Fachkr\u00e4fte und bietet frei nutzbare Bildungsmaterialien.<\/p>\n\n\n\n<div style=\"height:50px\" aria-hidden=\"true\" class=\"wp-block-spacer\"><\/div>\n\n\n\n<h3 class=\"wp-block-heading\">Herausgeber<\/h3>\n\n\n\n<p>Senatsverwaltung f\u00fcr Bildung, Jugend und Familie<br>Berliner Landesinstitut f\u00fcr Qualifizierung und Qualit\u00e4tsentwicklung an Schulen (BLiQ)<br>Frau Katy P\u00eerjol<br>F\u00fcrstenbrunner Weg 22-30<br>14059 Berlin<\/p>\n\n\n\n<h3 class=\"wp-block-heading\">Inhaltlich verantwortlich<\/h3>\n\n\n\n<p>Adrian Liebig<br>Fachliche Leitung Open Educational Resources<br>E-Mail: <a href=\"mailto:adrian.liebig@senbjf.berlin.de\" target=\"_blank\" rel=\"noreferrer noopener\">adrian.liebig@senbjf.berlin.de<\/a><\/p>\n\n\n\n<h3 class=\"wp-block-heading\">Technischer Betrieb<\/h3>\n\n\n\n<p>Hosting: Gesellschaft f\u00fcr wissenschaftliche Datenverarbeitung mbH G\u00f6ttingen<br>Burckhardtweg 4<br>37077 G\u00f6ttingen <\/p>\n\n\n\n<p>www.gwdg.de<br>gwdg@gwdg.de<\/p>\n\n\n\n<p>Support: metaVentis GmbH  <br>Am Horn 21a <br>99425 Weimar<br>metaventis.com <\/p>\n\n\n\n<p><\/p>\n\n\n\n<p><\/p>\n\n\n\n<h3 class=\"wp-block-heading\">Haftungshinweis<\/h3>\n\n\n\n<p>Die Senatsverwaltung f\u00fcr Bildung, Familie und Jugend hat alle in seinem Bereich bereitgestellten Informationen nach bestem Wissen und Gewissen erarbeitet und gepr\u00fcft. Es wird jedoch keine Gew\u00e4hr f\u00fcr die Aktualit\u00e4t, Richtigkeit, Vollst\u00e4ndigkeit oder Qualit\u00e4t und jederzeitige Verf\u00fcgbarkeit der bereit gestellten Informationen \u00fcbernommen. Aus der Nutzung dieser Informationen abgeleitete Haftungsanspr\u00fcche gegen die Senatskanzlei, das Land Berlin oder den Betreiber von \u201coer-berlin.de\u201d sind ausgeschlossen. F\u00fcr etwaige Sch\u00e4den, die beim Aufrufen oder Herunterladen von Daten durch Computerviren oder der Installation oder Nutzung von Software verursacht werden, wird nicht gehaftet.<br>Trotz sorgf\u00e4ltiger inhaltlicher Kontrolle \u00fcbernimmt die Senatsverwaltung f\u00fcr Bildung, Jugend und Familie keine Gew\u00e4hr f\u00fcr die Inhalte externer Links. F\u00fcr den Inhalt der verlinkten Seiten sind ausschlie\u00dflich deren Betreiber verantwortlich.<br>Sollten Sie feststellen, dass \u00fcber das Repository \u201eOER-Berlin\u201c bereitgestellte Inhalte fachlich oder rechtlich zu beanstanden sind, treten Sie bitte umgehend in Kontakt mit dem hierf\u00fcr benannten inhaltlichen Ansprechpartner. Inhalt bzw. der Link werden umgehend entfernt.<\/p>\n\n\n\n<h3 class=\"wp-block-heading\">Urheberrecht<\/h3>\n\n\n\n<p>Die Logos des Landes Berlin sowie der Senatsverwaltung f\u00fcr Bildung, Familie und Jugend\/ Berliner Landesinstitut f\u00fcr Qualifizierung und Qualit\u00e4tsentwicklung an Schulen sind urheberechtlich gesch\u00fctzt.<\/p>\n\n\n\n<h3 class=\"wp-block-heading\">Bildrechte<\/h3>\n\n\n\n<p>Bildanschnitt \u201eBrandenburger Tor\u201c, Startseite \u201eoer-berlin.de\u201c: Rafael Zatta, CC BY 4.0<br>Bildanschnitt \u201eOER Kompakt\u201c, Startseite \u201eoer-berlin.de\u201c: CC 0<br>Bildanschnitt \u201eBlog OERinfo\u201c, Startseite \u201eoer-berlin.de\u201c: <a href=\"https:\/\/unsplash.com\/@nickmorrison\" target=\"_blank\" rel=\"noreferrer noopener\">Nick Morrison<\/a> on&nbsp;<a href=\"https:\/\/unsplash.com\/\" target=\"_blank\" rel=\"noreferrer noopener\">Unsplash<\/a><\/p>\n\n\n\n<h3 class=\"wp-block-heading\">Geschlechtergerechte Sprache<\/h3>\n\n\n\n<p>Damit die Seiten der Senatsverwaltung f\u00fcr Bildung, Jugend und Familie gut lesbar sind, haben wir bei geschlechtsspezifischen Formulierungen abwechselnd die weibliche und die m\u00e4nnliche Form verwendet. Selbstverst\u00e4ndlich ist dabei auch das jeweils andere Geschlecht gemeint.<\/p>\n\n\n\n<div style=\"height:100px\" aria-hidden=\"true\" class=\"wp-block-spacer\"><\/div>\n","protected":false},"excerpt":{"rendered":"<p>www.oer-berlin.de ist ein Internetportal f\u00fcr Lehrkr\u00e4fte und andere p\u00e4dagogische Fachkr\u00e4fte und bietet frei nutzbare Bildungsmaterialien. Herausgeber Senatsverwaltung f\u00fcr Bildung, Jugend und FamilieBerliner Landesinstitut f\u00fcr Qualifizierung und Qualit\u00e4tsentwicklung an Schulen (BLiQ)Frau Katy P\u00eerjolF\u00fcrstenbrunner Weg 22-3014059 Berlin Inhaltlich verantwortlich Adrian LiebigFachliche Leitung Open Educational ResourcesE-Mail: adrian.liebig@senbjf.berlin.de Technischer Betrieb Hosting: Gesellschaft f\u00fcr wissenschaftliche [&hellip;]<\/p>\n","protected":false},"author":1,"featured_media":0,"parent":0,"menu_order":0,"comment_status":"closed","ping_status":"closed","template":"","meta":{"es_repo_domain":"https:\/\/repository.oer-berlin.de\/edu-sharing\/","es_repo_ticket":"TICKET_14e7ff93a5417e591bc58a3bb6235c462c208ea8","es_plugin_url":"https:\/\/oer-berlin.de\/wp-content\/plugins","footnotes":""},"class_list":["post-133","page","type-page","status-publish","hentry"],"_links":{"self":[{"href":"https:\/\/oer-berlin.de\/index.php?rest_route=\/wp\/v2\/pages\/133"}],"collection":[{"href":"https:\/\/oer-berlin.de\/index.php?rest_route=\/wp\/v2\/pages"}],"about":[{"href":"https:\/\/oer-berlin.de\/index.php?rest_route=\/wp\/v2\/types\/page"}],"author":[{"embeddable":true,"href":"https:\/\/oer-berlin.de\/index.php?rest_route=\/wp\/v2\/users\/1"}],"replies":[{"embeddable":true,"href":"https:\/\/oer-berlin.de\/index.php?rest_route=%2Fwp%2Fv2%2Fcomments&post=133"}],"version-history":[{"count":8,"href":"https:\/\/oer-berlin.de\/index.php?rest_route=\/wp\/v2\/pages\/133\/revisions"}],"predecessor-version":[{"id":386,"href":"https:\/\/oer-berlin.de\/index.php?rest_route=\/wp\/v2\/pages\/133\/revisions\/386"}],"wp:attachment":[{"href":"https:\/\/oer-berlin.de\/index.php?rest_route=%2Fwp%2Fv2%2Fmedia&parent=133"}],"curies":[{"name":"wp","href":"https:\/\/api.w.org\/{rel}","templated":true}]}}