{"id":97,"date":"2020-01-16T15:44:56","date_gmt":"2020-01-16T14:44:56","guid":{"rendered":"http:\/\/localhost:8080\/?page_id=97"},"modified":"2025-11-01T12:14:07","modified_gmt":"2025-11-01T11:14:07","slug":"hestia-front","status":"publish","type":"page","link":"https:\/\/oer-berlin.de\/","title":{"rendered":"Was bietet dieses OER-Repository?"},"content":{"rendered":"\n<h5 class=\"wp-block-heading has-text-align-center\">Das von der SenBJF betriebene OER-Repository dient als zentrales Verzeichnis f\u00fcr offene Bildungsmaterialien aller Bildungsbereiche und F\u00e4cher; es ist zugleich in das l\u00e4nder\u00fcbergreifende OER-\u00d6kosystem eingebunden.<\/h5>\n\n\n\n<h5 class=\"wp-block-heading has-text-align-center\">Hier finden Sie f\u00e4chersortierte Materialien f\u00fcr den p\u00e4dagogischen Einsatz im Unterricht sowie anderen p\u00e4dagogischen Situationen. Sie d\u00fcrfen die Materialien frei nutzen, der jeweiligen Lehr- und Lernsituation anpassen und\/oder weiter verbreiten. Hierf\u00fcr werden verschiedene Materialformate und Nutzungsszenarien angeboten: Angefangen von einer Unterrichtsidee als Inspiration oder Anleitung f\u00fcr die Vertretungsstunde oder Einstieg in ein Thema, \u00fcber das Wissensquiz zur Vertiefung bis hin zu umfangreicheren Einheiten. Kurze Videos erkl\u00e4ren zudem, was Sie \u00fcber Open Educational Resources wissen sollten. !<\/h5>\n\n\n\n<section class=\"hestia-features\" id=\"features\" data-sorder=\"hestia_features\">\n<div class=\"container\">\n<div class=\"row\">\n<div class=\"col-md-8 col-md-offset-2 hestia-features-title-area\">\n<h2 class=\"hestia-title\" style=\"text-align: center;\">OER Kompakt<\/h2>\n<h5 class=\"description\" style=\"text-align: center;\">Die wichtigsten Informationen zu OER in 3&#215;3 Minuten<\/h5>\n<\/div>\n<\/div>\n<div class=\"hestia-features-content\">\n<div class=\"row text-center\"><!-- Block 1 -->\n<div class=\"col-xs-12 col-md-4 feature-box\">\n<div class=\"hestia-info\"><a href=\"https:\/\/oer-berlin.de\/?page_id=350\"> <img loading=\"lazy\" decoding=\"async\" src=\"http:\/\/oer-berlin.de\/wp-content\/uploads\/2025\/11\/oer2-300x169.png\" width=\"300\" height=\"169\"> <\/a>\n<h4 class=\"info-title\">Was sind OER?<\/h4>\n<\/div>\n<\/div>\n<!-- Block 2 -->\n<div class=\"col-xs-12 col-md-4 feature-box\">\n<div class=\"hestia-info\"><a href=\"https:\/\/oer-berlin.de\/?page_id=353\"> <img loading=\"lazy\" decoding=\"async\" src=\"http:\/\/oer-berlin.de\/wp-content\/uploads\/2025\/11\/oer3-300x172.png\" width=\"300\" height=\"172\"> <\/a>\n<h4 class=\"info-title\">Wie nutze ich OER?<\/h4>\n<\/div>\n<\/div>\n<!-- Block 3 -->\n<div class=\"col-xs-12 col-md-4 feature-box\">\n<div class=\"hestia-info\"><a href=\"#\"> <img loading=\"lazy\" decoding=\"async\" src=\"http:\/\/oer-berlin.de\/wp-content\/uploads\/2025\/11\/oer1-300x169.png\" width=\"300\" height=\"169\"> <\/a>\n<h4 class=\"info-title\">Wie erstelle und teile ich OER?<\/h4>\n<\/div>\n<\/div>\n<\/div>\n<\/div>\n<\/div>\n<\/section>\n\n\n\n<p><a href=\"https:\/\/oer-berlin.de\/?page_id=347&amp;customize_changeset_uuid=36bde6b4-c70b-4557-9657-05a267da3893&amp;customize_messenger_channel=preview-0\"><\/a><\/p>\n\n\n\n<p><a href=\"https:\/\/oer-berlin.de\/?page_id=347&amp;customize_changeset_uuid=36bde6b4-c70b-4557-9657-05a267da3893&amp;customize_messenger_channel=preview-0\"><\/a><\/p>\n\n\n\n<p><a href=\"https:\/\/oer-berlin.de\/?page_id=350&amp;customize_changeset_uuid=36bde6b4-c70b-4557-9657-05a267da3893&amp;customize_messenger_channel=preview-0\"><\/a><\/p>\n\n\n\n<p><a href=\"https:\/\/oer-berlin.de\/?page_id=353&amp;customize_changeset_uuid=36bde6b4-c70b-4557-9657-05a267da3893&amp;customize_messenger_channel=preview-0\"><\/a><\/p>\n\n\n\n<p><a href=\"https:\/\/oer-berlin.de\/?page_id=353&amp;customize_changeset_uuid=36bde6b4-c70b-4557-9657-05a267da3893&amp;customize_messenger_channel=preview-0\"><\/a><\/p>\n","protected":false},"excerpt":{"rendered":"<p>Das von der SenBJF betriebene OER-Repository dient als zentrales Verzeichnis f\u00fcr offene Bildungsmaterialien aller Bildungsbereiche und F\u00e4cher; es ist zugleich in das l\u00e4nder\u00fcbergreifende OER-\u00d6kosystem eingebunden. Hier finden Sie f\u00e4chersortierte Materialien f\u00fcr den p\u00e4dagogischen Einsatz im Unterricht sowie anderen p\u00e4dagogischen Situationen. Sie d\u00fcrfen die Materialien frei nutzen, der jeweiligen Lehr- und [&hellip;]<\/p>\n","protected":false},"author":1,"featured_media":18,"parent":0,"menu_order":0,"comment_status":"closed","ping_status":"closed","template":"","meta":{"es_repo_domain":"https:\/\/repository.oer-berlin.de\/edu-sharing\/","es_repo_ticket":"TICKET_447d3fdaee6ebf47eb98c9e18169ca984f4679da","es_plugin_url":"https:\/\/oer-berlin.de\/wp-content\/plugins","footnotes":""},"class_list":["post-97","page","type-page","status-publish","has-post-thumbnail","hentry"],"_links":{"self":[{"href":"https:\/\/oer-berlin.de\/index.php?rest_route=\/wp\/v2\/pages\/97"}],"collection":[{"href":"https:\/\/oer-berlin.de\/index.php?rest_route=\/wp\/v2\/pages"}],"about":[{"href":"https:\/\/oer-berlin.de\/index.php?rest_route=\/wp\/v2\/types\/page"}],"author":[{"embeddable":true,"href":"https:\/\/oer-berlin.de\/index.php?rest_route=\/wp\/v2\/users\/1"}],"replies":[{"embeddable":true,"href":"https:\/\/oer-berlin.de\/index.php?rest_route=%2Fwp%2Fv2%2Fcomments&post=97"}],"version-history":[{"count":12,"href":"https:\/\/oer-berlin.de\/index.php?rest_route=\/wp\/v2\/pages\/97\/revisions"}],"predecessor-version":[{"id":401,"href":"https:\/\/oer-berlin.de\/index.php?rest_route=\/wp\/v2\/pages\/97\/revisions\/401"}],"wp:featuredmedia":[{"embeddable":true,"href":"https:\/\/oer-berlin.de\/index.php?rest_route=\/wp\/v2\/media\/18"}],"wp:attachment":[{"href":"https:\/\/oer-berlin.de\/index.php?rest_route=%2Fwp%2Fv2%2Fmedia&parent=97"}],"curies":[{"name":"wp","href":"https:\/\/api.w.org\/{rel}","templated":true}]}}